50.
50
What is the highest common factor of 12483 and 27?
9
What is the highest common factor of 44877 and 21?
21
Calculate the highest common divisor of 4979375 and 31.
31
What is the highest common divisor of 215 and 62479?
43
What is the greatest common divisor of 2721420 and 15?
15
Calculate the greatest common factor of 6025 and 111583.
241
Calculate the greatest common factor of 3823132 and 7196.
1028
What is the greatest common factor of 6 and 11478?
6
Calculate the highest common divisor of 570 and 461130.
570
Calculate the greatest common factor of 1005 and 3625035.
1005
What is the highest common factor of 2047 and 713?
23
What is the highest common factor of 9296 and 192?
16
Calculate the highest common factor of 1300 and 11050.
650
What is the greatest common factor of 28 and 3269?
7
What is the greatest common factor of 17296 and 76751?
1081
Calculate the highest common factor of 3969340 and 460.
460
What is the highest common divisor of 2314886 and 14?
14
Calculate the highest common factor of 64071 and 13447.
791
What is the highest common divisor of 15281 and 777?
259
What is the highest common factor of 385 and 5522?
11
Calculate the highest common divisor of 234 and 22206.
6
What is the highest common divisor of 10809 and 81?
9
Calculate the greatest common factor of 13556 and 652.
4
What is the greatest common factor of 11147 and 13973?
157
Calculate the greatest common divisor of 2170 and 1330.
70
What is the highest common divisor of 364078 and 715?
143
What is the highest common factor of 816 and 541416?
408
What is the greatest common factor of 813706 and 1390?
278
Calculate the greatest common divisor of 494 and 114.
38
What is the greatest common factor of 117 and 22581?
117
Calculate the highest common divisor of 1 and 159626.
1
What is the greatest common divisor of 12 and 120368?
4
What is the greatest common factor of 12 and 26523?
3
Calculate the highest common divisor of 300 and 10780.
20
Calculate the highest common divisor of 20730 and 30.
30
What is the highest common factor of 7458 and 55836?
66
Calculate the highest common factor of 25200 and 50.
50
What is the highest common factor of 68129 and 2824?
353
Calculate the greatest common divisor of 182 and 325.
13
Calculate the highest common divisor of 104252 and 536.
268
Calculate the highest common divisor of 28992 and 16761.
453
Calculate the greatest common factor of 415 and 926031.
83
What is the highest common divisor of 2194725 and 325?
325
What is the greatest common factor of 107545 and 137?
137
Calculate the highest common factor of 144900 and 574.
14
What is the greatest common factor of 22092 and 105?
21
Calculate the greatest common divisor of 12 and 19233.
3
Calculate the highest common factor of 52956 and 72.
36
Calculate the greatest common divisor of 5883 and 159618.
111
Calculate the greatest common factor of 1650 and 2475.
825
What is the greatest common divisor of 47 and 198293?
47
What is the greatest common factor of 43364 and 71492?
1172
Calculate the highest common divisor of 14337 and 1298.
59
Calculate the greatest common factor of 724234 and 5202.
578
What is the highest common factor of 995563 and 4076?
1019
What is the highest common divisor of 153 and 1593?
9
What is the highest common factor of 264542 and 1396?
698
Calculate the highest common divisor of 2184 and 371.
7
What is the highest common divisor of 110 and 2960?
10
Calculate the greatest common factor of 50 and 2832950.
50
Calculate the greatest common divisor of 13482 and 861.
21
Calculate the greatest common factor of 456 and 181374.
114
What is the highest common divisor of 30 and 916790?
10
Calculate the greatest common factor of 188 and 1500146.
94
What is the highest common divisor of 346578 and 188?
94
What is the highest common factor of 123176 and 8?
8
What is the highest common factor of 2197 and 2834?
13
Calculate the greatest common divisor of 440661 and 39.
39
Calculate the highest common factor of 821 and 183904.
821
What is the greatest common factor of 22218 and 13846?
322
What is the greatest common factor of 1544 and 88?
8
What is the highest common divisor of 7227166 and 139?
139
Calculate the greatest common factor of 8650 and 1300.
50
Calculate the greatest common divisor of 198 and 103716.
18
Calculate the highest common divisor of 1792 and 411392.
256
Calculate the highest common divisor of 621643 and 341.
341
What is the greatest common factor of 16371 and 99?
9
What is the highest common divisor of 35 and 104005?
5
What is the highest common divisor of 45203 and 6953?
17
Calculate the greatest common factor of 86184 and 202986.
1134
Calculate the greatest common divisor of 12871 and 12.
1
Calculate the highest common factor of 40092 and 1560.
156
Calculate the highest common divisor of 72 and 576828.
36
Calculate the highest common divisor of 6 and 2594.
2
Calculate the greatest common divisor of 3125172 and 5691.
813
What is the highest common divisor of 611 and 83?
1
What is the highest common factor of 2207 and 3?
1
Calculate the highest common factor of 62624 and 64.
32
Calculate the greatest common factor of 23072 and 2464.
224
Calculate the greatest common factor of 1230 and 231486.
246
Calculate the greatest common divisor of 72 and 1011.
3
Calculate the greatest common divisor of 2760 and 240.
120
Calculate the greatest common divisor of 1708 and 66124.
244
Calculate the greatest common divisor of 1550 and 34410.
310
Calculate the highest common divisor of 6532 and 15336.
284
Calculate the highest common divisor of 7718 and 454.
454
What is the greatest common divisor of 55 and 41855?
55
What is the highest common factor of 32 and 58928?
16
Calculate the greatest common divisor of 54162 and 3196.
34
What is the greatest common divisor of 492800 and 384?
128
Calculate the highest common divisor of 2208 and 417036.
276
Calculate the highest common factor of 9603 and 99.
99
Calculate the highest common factor of 1378 and 112678.
106
What is the highest common divisor of 43909 and 7904?
19
Calculate the greatest common factor of 1210575 and 100.
25
What is the greatest common factor of 276 and 3010148?
92
Calculate the highest common divisor of 10036 and 457796.
772
Calculate the greatest common factor of 247095 and 171.
171
Calculate the greatest common divisor of 3030 and 5480.
10
Calculate the highest common divisor of 488 and 464088.
488
Calculate the highest common divisor of 6251 and 14.
7
What is the greatest common factor of 31962 and 1470?
42
Calculate the highest common divisor of 20888160 and 80.
80
What is the greatest common divisor of 24 and 720712?
8
What is the greatest common divisor of 659564 and 5068?
724
What is the greatest common divisor of 21 and 1405453?
7
Calculate the highest common factor of 279 and 738.
9
What is the highest common divisor of 2585 and 15697?
11
What is the highest common factor of 3103 and 2461?
107
What is the highest common divisor of 22 and 638726?
22
What is the greatest common divisor of 176 and 7733?
11
What is the highest common factor of 3275 and 2489?
131
What is the greatest common factor of 14 and 817383?
7
Calculate the highest common factor of 298 and 1364542.
298
What is the highest common divisor of 2201472 and 78?
78
What is the highest common factor of 6479 and 209?
209
Calculate the highest common factor of 15520 and 28160.
160
Calculate the highest common factor of 777414 and 330.
66
What is the greatest common divisor of 3487441 and 873?
97
Calculate the greatest common divisor of 116 and 60.
4
Calculate the highest common divisor of 13584 and 13072.
16
Calculate the greatest common factor of 315 and 13461.
21
Calculate the highest common factor of 10620 and 5112.
36
Calculate the greatest common divisor of 63847 and 490.
49
Calculate the greatest common factor of 24 and 165948.
12
Calculate the greatest common divisor of 10527 and 93.
3
What is the highest common divisor of 321470 and 5490?
610
What is the greatest common factor of 155 and 20801?
31
What is the greatest common divisor of 5829 and 53331?
87
What is the highest common factor of 22581 and 2702?
193
What is the greatest common divisor of 161052 and 12?
12
What is the greatest common divisor of 11736 and 127792